{"id":35,"date":"2023-05-24T15:02:58","date_gmt":"2023-05-24T15:02:58","guid":{"rendered":"https:\/\/restaurantesrentable.us12.cdn-alpha.com\/?page_id=35"},"modified":"2024-07-01T19:47:00","modified_gmt":"2024-07-01T19:47:00","slug":"matematica-para-restaurantes","status":"publish","type":"page","link":"https:\/\/restaurantesrentables.practisis.com\/?page_id=35","title":{"rendered":"Matem\u00e1tica para Restaurantes"},"content":{"rendered":"\n<p>En #RestaurantesRentables estamos convencidos que con buena matem\u00e1tica en un restaurante, podemos ayudar a reducir los problemas de liquidez y rentabilidad que azotan a la industria.&nbsp; <\/p>\n\n\n\n<p>Por eso presentamos el taller de Matem\u00e1tica para Restaurantes, que son 8 horas de trabajo pr\u00e1ctico durante un mes para que puedas implementar un proceso simple de control financiero para obtener rentabilidad a tu negocio.  Si quieres inscribirte al taller que ser\u00e1 dictado a principios de Julio 2024, <a href=\"https:\/\/restaurantesrentable.us12.cdn-alpha.com\/matematica-para-resturantes-paga-tu-taller\/\">sigue el siguiente vinculo<\/a>. <\/p>\n\n\n\n<div class=\"wp-block-buttons is-layout-flex wp-block-buttons-is-layout-flex\"><\/div>\n\n\n\n<p>En este taller profundizamos el libro de Matematica para Restuarantes, que puedes <a href=\"https:\/\/www.amazon.com\/-\/es\/Jos%C3%A9-David-Villarreal\/dp\/B0CDNC2LJD\">revisar aqui<\/a>: <\/p>\n\n\n\n<figure class=\"wp-block-image size-large is-resized\"><a href=\"https:\/\/www.amazon.com\/-\/es\/Jos%C3%A9-David-Villarreal\/dp\/B0CDNC2LJD\"><img loading=\"lazy\" decoding=\"async\" src=\"https:\/\/restaurantesrentable.us12.cdn-alpha.com\/wp-content\/uploads\/2024\/04\/Screenshot-2024-04-28-at-6.00.08-PM-756x1024.png\" alt=\"\" class=\"wp-image-475\" width=\"189\" height=\"256\" srcset=\"https:\/\/restaurantesrentables.practisis.com\/wp-content\/uploads\/2024\/04\/Screenshot-2024-04-28-at-6.00.08-PM-756x1024.png 756w, https:\/\/restaurantesrentables.practisis.com\/wp-content\/uploads\/2024\/04\/Screenshot-2024-04-28-at-6.00.08-PM-221x300.png 221w, https:\/\/restaurantesrentables.practisis.com\/wp-content\/uploads\/2024\/04\/Screenshot-2024-04-28-at-6.00.08-PM-768x1041.png 768w, https:\/\/restaurantesrentables.practisis.com\/wp-content\/uploads\/2024\/04\/Screenshot-2024-04-28-at-6.00.08-PM.png 788w\" sizes=\"auto, (max-width: 189px) 100vw, 189px\" \/><\/a><\/figure>\n\n\n\n<p>El libro expone un m\u00e9todo para analizar y mejorar la operaci\u00f3n de un restaurante.&nbsp; El autor argumenta que la matem\u00e1tica subyacente es la misma para todos los restaurantes.&nbsp; Esto incluye trabajar con tres indicadores claves, benchmarks de la industria y un proceso de cuatro pasos para llegar a controlar un restaurante.&nbsp;&nbsp;<\/p>\n\n\n\n<p>Este libro no es un libro de contabilidad y finanzas.&nbsp; Tampoco es un libro de gastronom\u00eda.&nbsp; Este es un libro de matem\u00e1tica simple que te ayuda a entender qu\u00e9 est\u00e1 pasando en tu negocio y c\u00f3mo debe \u201dfuncionar la matem\u00e1tica\u201d en tu restaurante.&nbsp;&nbsp;&nbsp;<\/p>\n\n\n\n<p>El libro es un aporte del autor y quienes hacemos la comunidad de #RestaurantesRentables.&nbsp;<\/p>\n\n\n\n<p>Las bases del libro se pueden tambi\u00e9n explorar en la herramienta que acompa\u00f1a al libro:&nbsp;<\/p>\n\n\n\n<p class=\"has-text-align-center\"><a href=\"https:\/\/www.matematicapararestaurantes.com\">www.matematicapararestaurantes.com<\/a><\/p>\n\n\n\n<p>Esta aplicaci\u00f3n permite planificar la matem\u00e1tica de tu negocio&nbsp; Adicional, Matem\u00e1tica para Restaurantes tiene un servicio de monitoreo y seguimiento para controlar el costo y rentabilidad del establecimiento.&nbsp; Definitivamente una tecnolog\u00eda para mantener tu operaci\u00f3n rentable.&nbsp;<\/p>\n","protected":false},"excerpt":{"rendered":"<p>En #RestaurantesRentables estamos convencidos que con buena matem\u00e1tica en un restaurante, podemos ayudar a reducir los problemas de liquidez y rentabilidad que azotan a la industria.&nbsp; Por eso presentamos el taller de Matem\u00e1tica para Restaurantes, que son 8 horas de trabajo pr\u00e1ctico durante un mes para que puedas implementar un proceso simple de control financiero&#8230;<\/p>\n","protected":false},"author":1,"featured_media":0,"parent":0,"menu_order":0,"comment_status":"closed","ping_status":"closed","template":"","meta":{"_kad_post_transparent":"","_kad_post_title":"","_kad_post_layout":"","_kad_post_sidebar_id":"","_kad_post_content_style":"","_kad_post_vertical_padding":"","_kad_post_feature":"","_kad_post_feature_position":"","_kad_post_header":false,"_kad_post_footer":false,"footnotes":""},"class_list":["post-35","page","type-page","status-publish","hentry"],"_links":{"self":[{"href":"https:\/\/restaurantesrentables.practisis.com\/index.php?rest_route=\/wp\/v2\/pages\/35","targetHints":{"allow":["GET"]}}],"collection":[{"href":"https:\/\/restaurantesrentables.practisis.com\/index.php?rest_route=\/wp\/v2\/pages"}],"about":[{"href":"https:\/\/restaurantesrentables.practisis.com\/index.php?rest_route=\/wp\/v2\/types\/page"}],"author":[{"embeddable":true,"href":"https:\/\/restaurantesrentables.practisis.com\/index.php?rest_route=\/wp\/v2\/users\/1"}],"replies":[{"embeddable":true,"href":"https:\/\/restaurantesrentables.practisis.com\/index.php?rest_route=%2Fwp%2Fv2%2Fcomments&post=35"}],"version-history":[{"count":8,"href":"https:\/\/restaurantesrentables.practisis.com\/index.php?rest_route=\/wp\/v2\/pages\/35\/revisions"}],"predecessor-version":[{"id":522,"href":"https:\/\/restaurantesrentables.practisis.com\/index.php?rest_route=\/wp\/v2\/pages\/35\/revisions\/522"}],"wp:attachment":[{"href":"https:\/\/restaurantesrentables.practisis.com\/index.php?rest_route=%2Fwp%2Fv2%2Fmedia&parent=35"}],"curies":[{"name":"wp","href":"https:\/\/api.w.org\/{rel}","templated":true}]}}